-8). Let w(q) be the first derivative of q**4/4 - 4*q**3/3 - 2*q**2 - 7*q - 1. Give w(c).
-2
Let y(m) = 4*m - m - 2*m - 3 - 2*m. Let c(l) = -2*l**2 + 3*l - 6. Let r be c(3). Let z = r + 15. What is y(z)?
-3
Let o(n) = -n + 5. Let c be 18*(16/(-24) + (-4)/(-24)). Calculate o(c).
14
Let q(l) be the first derivative of -9*l**4/2 + 2*l**3/3 - l**2 + l - 1. Give q(1).
-17
Let g = -13 + 13. Suppose -2 = -2*l, -l = -g*d + d + 2. Let p(m) = -m. Let v(w) = 2*w + 1. Let x(u) = d*v(u) - 5*p(u). Give x(-5).
2
Let d(w) = -8*w**2 + 20*w + 13. Let g(z) = -2*z**2 + 7*z + 4. Let y(a) = 2*d(a) - 7*g(a). Calculate y(-4).
2
Let j(q) = -q**3 + 3*q**2 + 6*q - 1. Let z(h) = -2*h**3 - 3*h**2 + h + 2. Let n be z(-2). Suppose 3*r = -b + 13, n*b + r = 29 - 10. Determine j(b).
7
Let w be ((-1)/(-1))/((-1)/(-3)). Let a(h) be the second derivative of -7*h**3/6 + 2*h**2 + h + 370. Give a(w).
-17
Suppose 1 + 7 = 2*y. Let x(t) = -2*t + 4*t**3 - t + y*t - 3*t**3 - t**2 + 1. Let m = -1 - 0. Calculate x(m).
-2
Let o(s) = 16*s - 11. Suppose -3*d = -4*d + 3. Let z(b) = 3 - 1 - d*b + b - b. Let l(k) = 2*o(k) + 11*z(k). Give l(2).
-2
Let u(q) = -17*q**2 + q + 3*q + 5*q - 9 + 16*q**2. What is u(8)?
-1
Let y(i) = i**2 + 13*i + 15. Let r be y(-6). Let u = r + 23. Let t(g) = g**3 + 4*g**2 - 5*g - 5. Calculate t(u).
15
Let d be 6 - (13 + 2 + -9). Let x(o) = -3*o + 7. Give x(d).
7
Let h(s) = -6*s**2 - 37 - 231*s**3 - 18*s - 12*s**2 + 230*s**3 + 2*s**2. Give h(-15).
8
Let b(u) be the second derivative of 2*u**3/3 - 35*u**2/2 - 7*u. Let a be b(10). Let k(y) = -y - 1. Determine k(a).
-6
Let j(d) = -d**2 - 7*d - 7. Let u = 0 - 5. Let n be j(u). Let t(i) = -2*i + 0*i - i**3 + 3 + 3*i - n*i**2 - 1. What is t(-3)?
-1
Let p(r) be the second derivative of r**4/12 + r**3/6 + 9*r**2 + 2*r + 1. Calculate p(0).
18
Let x be 4 - (20/5 + -4). Let g(q) = -q**3 + 5*q**2 - 4*q + 6. Give g(x).
6
Let a(p) = -11*p**3 - 6*p**2 - p - 5. Let d(q) = -31*q**3 - 18*q**2 - 3*q - 14. Let n(r) = 17*a(r) - 6*d(r). Let z = 16 + -10. Give n(z).
5
Let a(q) be the third derivative of 0 + 0*q + 0*q**4 + 6*q**2 + 7/6*q**3 + 1/24*q**5. Let j(h) be the first derivative of a(h). What is j(2)?
10
Let k = -78 + 84. Let z(m) = m**2 - 9*m + 17. Determine z(k).
-1
Let m = 35 + -33. Let l(x) = -x**m - 4 + 0 + 5 - 6*x**2. What is l(1)?
-6
Let z(k) = -k + 13. Let y be z(-6). Let g = 31 - y. Suppose 0 = b + g - 11. Let u(f) = -6*f**3 - 1. Determine u(b).
5
Let r = -2 + 7. Let b(u) be the first derivative of u**3/3 + u**2/2 - 7*u - 14. Give b(r).
23
Let p(o) = -38*o**3 + o**2 + 6*o + 37*o**3 - 7*o. Determine p(2).
-6
Let d(y) be the first derivative of -y**4/4 - y**3 + 19*y**2/2 + 7*y - 305. Calculate d(-6).
1
Let b(j) = j**3 - 6*j**2 - 4. Let a be b(6). Let i be (a/4)/(-3) - (-2)/3. Let h(c) = -10*c**3 + c**2 - 2*c + 1. What is h(i)?
-10
Let v(n) = n. Let y = 368 - 375. Calculate v(y).
-7
Suppose 2*d = 5*d - 48. Let g be (-9)/((-180)/d)*5. Let x(o) = -4*o + o - o**2 + 3 + 3*o + 4*o. Calculate x(g).
3
Let c(j) be the first derivative of -j**4/4 + 5*j**3/3 + j - 150. Calculate c(4).
17
Suppose 25 = -5*q - t, 4*t = -4*q - 0*t - 36. Let n(r) be the first derivative of 6*r + 5/2*r**2 + 1/3*r**3 - 17. Calculate n(q).
2
Let j(a) be the first derivative of -a**2/2 - 9*a + 52. Determine j(-9).
0
Suppose 4*l = 4*f + 48, 5*f + 16 = 4*l - 3*l. Let w = l + -6. Let v(h) = h**2 - 4*h + 2. Calculate v(w).
7
Let s be (0 - -2 - 3)*-1. Let g be s - 3 - -2 - -3. Let m(n) = g*n**2 + 0*n**2 + 1 - 4*n**2 - 4*n. Calculate m(-4).
1
Let m(p) be the second derivative of -1/2*p**2 + 1/6*p**4 + 1/6*p**3 + 40*p + 0. Determine m(3).
20
Let z(d) = 2*d**2 - 3*d - d - 26 + 15 + 14. Let g = -10 + 12. Suppose 0*l - l + g = 0. Give z(l).
3
Let m(v) = 6*v**2 - 4 - 11*v**2 - 3*v + 2*v**2 - v**3 + 10*v**2. Suppose -5 + 11 = a. Give m(a).
14
Let q be 32/(-20)*15/(-6). Suppose 0 = q*h - 1 - 3. Let c(d) = 10*d + 8*d - h - 19*d - 1. Determine c(-4).
2
Let k be -3 - (-4 + 3 + -4). Let c = -49 + 52. Suppose -2*w - w = -c*i + 9, 0 = -5*i + k*w + 6. Let j(v) = -v - 9. Calculate j(i).
-9
Let d(y) = y**2 + 7*y - 1. Suppose 759 = 3*p + 3*h, p - 4*p = -h - 775. Suppose 0 = -w - 2*a + 45, -4*a + p - 62 = 5*w. Suppose 4*l + w = -l. Determine d(l).
-1
Let g be (-1 - (0 + 0))/((-4)/(-20)). Let b(t) be the third derivative of -t**6/120 - t**5/15 + t**4/6 - t**3/3 - 7*t**2. Give b(g).
3
Let j = 10 - 17. Let y = -53 - -56. Let n(q) = 4 - 1 + q**2 + 4*q + 2 + y*q. Determine n(j).
5
Let n(z) = 7. Let s(q) = q + 1. Let l(f) = -n(f) + 6*s(f). Calculate l(-3).
-19
Suppose 0 = 6*d + 1 - 31. Let f(r) = 5*r + 3*r - 10*r + d*r**2 + 2. Calculate f(2).
18
Let b(k) = k**3 + 7*k**2 + 2*k + 9. Let x = -942 + 935. Determine b(x).
-5
Let y(n) be the third derivative of n**5/60 - 5*n**4/24 - 7*n**3/2 + 25*n**2. Let j be y(7). Let w(o) = -o**3 - 7*o**2 + o + 10. Determine w(j).
3
Let i(r) be the second derivative of r**5/20 + 5*r**4/4 - 3*r**3 - 11*r**2/2 - 3*r + 91. Calculate i(-16).
21
Let l(s) = -s**3 - 4*s**2 - s - 5. Let q = 272 + -141. Suppose -2*z - 35 = -q. Let i be 32/40 + z/(-10). Determine l(i).
-1
Suppose f - 85 = -2*k, 0 = -8*k + 3*k - 4*f + 214. Let x(n) = -30*n + 21. Let z(l) = -3*l + 2. Let b(y) = k*z(y) - 4*x(y). Determine b(-1).
6
Let o(q) be the third derivative of -q**5/60 - 5*q**4/24 - q**3/6 - 24*q**2. Let d(i) = i**2 + 4*i + 1. Let l(s) = -5*d(s) - 4*o(s). Calculate l(1).
-2
Let f(x) = x**2 - 1. Suppose 8 = -3*l + 5. Let o(a) = 2*a**3 + 3*a**2 - 2*a - 6. Let s(k) = l*o(k) + 3*f(k). Calculate s(-2).
15
Let b(d) = -8 + d**2 - 1 + 5. Let j be 1/((4 + -2)/12). Suppose j = 5*y - 9. Calculate b(y).
5
Let l(x) = x**3 - 10*x**2 - 10*x - 5. Let f be ((-55)/45)/(7/(-63)). Give l(f).
6
Let z(i) be the first derivative of -i**2 + i + 197. Give z(4).
-7
Let z(l) be the third derivative of l**6/120 - 13*l**5/60 + 13*l**4/24 - l**2 + 373*l. Give z(12).
12
Let l(j) be the second derivative of -2*j**4 + j**2/2 + 8*j - 1. Determine l(-1).
-23
Suppose 0 = 4*x - 16 - 12. Let z(q) be the third derivative of q**4/24 - 2*q**3/3 - 183*q**2. What is z(x)?
3
Let o(q) = -48*q - 2*q**2 + 29*q + q**2 + 28*q - 4. Let z be 6/(0 + 6/8). Give o(z).
4
Let l(m) = -m**2 - 7*m - 2. Let r be l(-6). Suppose 6 = r*f - 2. Let w(s) = -f*s - 3*s + 4*s. Give w(1).
-1
Let w = -4 + -2. Let s be 0*(21/w)/7. Let n(k) = 0*k + 5*k + s - 1 + 5*k. Calculate n(1).
9
Let g(d) = 6*d**2 + 5*d - 8. Let n(f) = -19*f**2 - 13*f + 22. Let u(w) = -8*g(w) - 3*n(w). Determine u(-1).
8
Let k(n) = 41*n**2 - 113*n**2 + 23 - 12*n + 40*n**2 + 33*n**2. What is k(10)?
3
Let n(l) = -13*l - 26. Let b(y) = y + 2. Let s(j) = -22*b(j) - 2*n(j). Give s(-2).
0
Suppose 4 = 4*g, -3*k = -k - g - 25. Let i(j) = 95*j**3 - 94*j**3 + 3 + k*j**2 + 2 - 5*j**2. Suppose 5*t + 3*c = -55, 4*t - 4*c + 20 = -t. Determine i(t).
5
Suppose -2*m + 0*m = -2. Suppose -2*p - 2*w = -5 + m, -2*p = 5*w + 2. Let g(r) = r**3 - 4*r**2 - 2*r + 1. Calculate g(p).
-7
Let q(b) = b**3 + 11*b**2 - 2*b - 20. Let v be q(-11). Let g(r) = -r**3 - v*r**2 + 9*r**2 - 2 - 1 - 6*r**2. Suppose -2*k - k = 0. Calculate g(k).
-3
Let r(i) = -5 + 5*i - i**3 + 0*i**3 - 4*i - 2*i. What is r(0)?
-5
Let n(a) = 6*a + 111. Let v(y) = y + 23. Let t(s) = -2*n(s) + 11*v(s). Give t(0).
31
Let s(l) = l. Let j(x) = 2*x**2 - 9*x - 2. Let m(p) = -j(p) - 4*s(p). Let r = 8069 - 8065. Calculate m(r).
-10
Let h(v) = v. Let t(q) = -1. Let k(d) = -h(d) + t(d). Let i(g) = -g**3 + 10*g**2 - 7*g - 16. Let a be i(9). What is k(a)?
-3
Let m(j) be the second derivative of -j**5/20 + 5*j**4/4 + 5*j**2 - 84*j. Calculate m(15).
10
Let c(k) = k**3 - k - 1. Let j(s) = 2*s**3 + 13*s**2 + 16*s + 5. Let n be j(-5). Give c(n).
-1
Let m(h) be the second derivative of -h**5/120 + h**4/24 - 11*h**3/6 - 12*h. Let z(p) be the second derivative of m(p). What is z(7)?
-6
Let f(z) = -z**2 + 13*z - 5. Let s(a) = 2*a - 1. Let t(m) = f(m) - 6*s(m). What is t(-4)?
-19
Let y be 3*1/(-1)*2. Let l(b) = 5*b + 3. What is l(y)?
-27
Let a(p) = 16*p + 16. Let c(v) = -22*v - 17. Let s(g) = -4*a(g) - 3*c(g). Calculate s(14).
15
Let b(n) = n**2 + 3*n + 8. Let g be b(-1). Let q(r) be the first derivative of r**4/4 - 4*r**3/3 - 4*r**2 - 3*r + 2. Determine q(g).
21
Let o(y) = 4*y**3 - 6*y**2 - 3*y + 6. Suppose -3*p + 14 = 4*p. Let s(j) = 3*j**3 - 5*j**2 - 4*j + 6. Let v